). Let v(b) = -b**2 - 2*b + 19. Determine v(h).
19
Let c(d) = d**3 - 2*d**2 - 4*d - 5. Let m(i) = 15*i - 11. Suppose 3*h - 18 = -5*k, -5*h + k + 5 = 3. Let y be m(h). Determine c(y).
11
Let x(r) = r + 8*r - 1 + 34*r**2 - 5 + 5 - 35*r**2. Determine x(8).
7
Let h be 7 - (1 - 3/(-1)). Suppose -q - 2*q - 96 = -h*k, -3*k + 6 = 0. Let i = q - -27. Let n(a) = -2*a**2 - a - 3. What is n(i)?
-18
Let w(o) be the first derivative of o**3/3 + 21*o**2/2 + 112*o - 7465. Calculate w(-10).
2
Let z(n) = 512 - 526 - 12*n - 6*n + 3*n**2. What is z(8)?
34
Let g(j) be the second derivative of 4/3*j**3 + 7 + 3/2*j**2 - j. Determine g(-2).
-13
Let g(c) = 3*c**2 + c. Let t(j) = j**3 + 5*j**2 - 10*j - 41. Let q(k) = 8*g(k) - t(k). Determine q(20).
1
Let i(t) = t**3 + 13*t**2 + 2*t - 112. Let f be i(-12). Let r(u) = 24*u - 201. Determine r(f).
-9
Let s(p) = 2295*p + 23 + p**2 - 2310*p + 57 - 20. Give s(7).
4
Let r = -10 - -16. Let x(d) = 18*d + 648. Let o(u) = 4*u + 147. Let q(h) = 22*o(h) - 5*x(h). What is q(r)?
-18
Suppose 23*h + 405 + 423 = 0. Let v(t) = t**2 + 37*t + 76. Determine v(h).
40
Let a(z) be the first derivative of -5*z**4/2 - z**3 - z**2 + 2*z + 95. Let h(j) = -11*j**3 - 2*j**2 - 2*j + 1. Let w(f) = -2*a(f) + 3*h(f). Calculate w(-1).
14
Suppose -r + 25 = 5*y + 2*r, -5 = -y + 5*r. Let a(w) = 10*w - 3*w - 2 + 2*w**2 - 1 - 3*w**2 - 5*w. Give a(y).
-18
Suppose 33 = -11*b + 77. Let r(z) = -5 + 10*z + 0 - 8*z + b*z - 4*z. Let l be 5 - 2/(-4)*0. Calculate r(l).
5
Let g(m) = -m**3 - 7*m**2 + 4*m + 7. Suppose 8*o = 28 + 612. Let c be (-8)/(o/(-35))*-2. Calculate g(c).
-21
Suppose 52*r = 180*r + 504 + 776. Let g(p) = 4*p**2 + 49*p + 92. Calculate g(r).
2
Let g(n) be the first derivative of -27*n**2/2 + 213*n - 294. Calculate g(8).
-3
Let s(g) be the third derivative of -5*g**4/3 + g**3/6 - 108*g**2 + 4. Give s(1).
-39
Let z(v) = -v**2 - 3*v + 1. Suppose 8 = q + 9. Let r(o) = -104*o**3 - o**2 - 3*o - 1. Let i be r(q). Let a = i + -107. What is z(a)?
3
Let k(m) = 3*m**3 + 3*m + 1. Suppose 24*d - 599 + 4079 = 0. Let p = -147 - d. What is k(p)?
-29
Let r(i) = i**3 + 3*i**2 - 5*i - 11. Let l be r(-3). Let m(n) = -1 + 0*n - n + 2*n**2 - 10 + l*n**3 - 3*n**2 - 5*n**3. Let v = -1 + 1. What is m(v)?
-11
Let b(g) = -3*g - 22. Suppose -2*t + 18*t = 2544. Let v be (-128)/(-224) + t/(-21). Give b(v).
-1
Let b(k) = -k**3 + 22*k**2 - 18*k - 59. Let n be b(21). Let a(g) be the third derivative of 0 + 13*g**2 + 0*g**3 - 1/24*g**n + 0*g. Give a(-8).
8
Let b = -172 - -174. Let h(u) = 1 + 4*u + 9*u - 14*u - 8*u**b + 2*u**2. Give h(1).
-6
Let v(n) = 30*n + 80. Suppose -727*w + 5*b + 25 = -722*w, 5*w + 3*b = -39. Give v(w).
-10
Let f(m) be the first derivative of -m**4/4 - 20*m + 738. Suppose -7 = -2*t + 2*p - 3, -8 = -5*t + 4*p. Give f(t).
-20
Suppose 4*g - 32 = -28. Let o(t) = -g + 0 - 2*t - 1 + 5. Suppose 7*l = 2*l + 10. Give o(l).
-1
Suppose 4*u - r = 7, -4 = 5*u - r - 14. Suppose 11*o + 72 = u*o. Let k(l) = -l**3 - 8*l**2 + 9*l - 1. Determine k(o).
-1
Let c(f) = 4 + f**2 + 0*f + 1 - 21 + f. Suppose -11*v + 2*v + 2394 = 0. Let p = v + -266. Determine c(p).
-16
Suppose 0 = 2*y + 10, t = 2*t - 5*y - 27. Let n(z) = -11*z**t + 4*z**2 + z + 8*z**2 + 13. Let q be (0 + 3/6)*0. What is n(q)?
13
Let h(t) be the third derivative of -t**5/30 + 125*t**2. Suppose -3*d = -3*s - 15, 3*s - 3*d = 2*d - 21. Give h(s).
-8
Suppose -215*y + 114*y + 70*y = 217. Let m(l) = 10*l + 9. Calculate m(y).
-61
Let m(n) = -26 - 24*n + 25 - 9*n**2 - 4 + 6*n - n**3 + 0. Determine m(-6).
-5
Let u = 2831 - 2841. Let l(c) = c**3 + 11*c**2 + 12*c - 1. What is l(u)?
-21
Let m(z) = -3*z**2 - 2*z. Let w = -122 - -142. Suppose 2*s + 10 = 0, -w = -f + 5*s + 7. Give m(f).
-16
Let t = -3 + 4. Let q(p) = 5*p + 5. Let m(k) = -k**2 + 9*k + 8. Let f(a) = 3*m(a) - 5*q(a). Calculate f(t).
-2
Suppose 0*p - 2*p + 12 = 0. Let h(n) = 27*n**3 - 24*n**2 + 52*n + 21. Let a(b) = 5*b**3 - 5*b**2 + 10*b + 4. Let m(z) = 11*a(z) - 2*h(z). Give m(p).
2
Let z be ((-5)/(-20))/(0 + (-2)/(-24)). Let f(t) = -3*t**2 + 3 - 1 + z*t - 6 - 684*t**3 + 686*t**3. Calculate f(2).
6
Suppose 0 = -26*j + 154 - 24. Let t(b) = -b**2 + 7*b - 8. What is t(j)?
2
Let y(m) = 135*m - 2825. Let a be y(21). Let q(s) = -s**2 + 18*s - 24. Determine q(a).
56
Let q be (-32)/(-6) - 2/6. Let i be (4 + -3)/1 + q. Let z(r) be the third derivative of -r**6/120 + 7*r**5/60 - r**4/4 + 5*r**3/6 - 537*r**2. What is z(i)?
5
Let h(q) = -q**3 + q**2 + 11*q + 4. Suppose -4*k = 3*d + 9, -8*d = -5*k - 41 + 18. Calculate h(k).
7
Suppose -37 = 2*k + 77. Let c = -59 - k. Let y(u) = -2*u**2 - 2*u - 3. Give y(c).
-7
Let g(h) = -h**3 - 98*h**2 + 14*h + 1369. Let i be g(-98). Let x(s) = 2 - s + 6*s**2 + 2*s + 0*s. Determine x(i).
53
Suppose 0 = 3*f - s - 263, 5*s - 444 = -5*f + s. Let g = 76 - f. Let h(o) = o**3 + 13*o**2 + 12*o + 6. Determine h(g).
6
Suppose 3*q + 2*w - 114 = 0, -2*q - 5*w + 68 = -w. Suppose 8*a = 3*a + q. Suppose -4*d - 32 = -a*d. Let y(n) = -n**3 + 9*n**2 - 9*n + 6. What is y(d)?
-2
Let n(r) = r**3 - r**2 + 1. Let w(p) be the third derivative of 0*p**3 + 0 + 6*p**2 + 1/60*p**5 + 0*p - 1/12*p**4. Let j be w(1). Give n(j).
-1
Let n be 42/6 + 15/(-3). Let q(l) = -5 - 14*l + 8*l - 5*l**2 + 6*l**n. Let b be q(-1). Let k(w) = -w**3 + w**2 + 1. Determine k(b).
-3
Let s = -132 - -132. Let u(b) = -6*b**2 - 4*b + 3*b + 1 + 3*b + s. What is u(-1)?
-7
Let c(t) = 8*t**3 + 2*t**2 - t. Let s be c(1). Suppose -o - 173 = -5*j, 2*j + 4*o - 124 = -2*j. Let w(g) = -6 - 38*g + 73*g - j*g. Calculate w(s).
3
Let w(z) = -6*z - 30. Let u = -2235 + 2216. Determine w(u).
84
Let l(o) = -o - 49. Let n = -583 - -578. Let j(y) = 2*y + 74. Let v(f) = n*j(f) - 8*l(f). What is v(12)?
-2
Suppose 5*k + 35 = 2*o, -25 = 6*k - 4*k - 3*o. Let n(b) = b**2 + 4*b - 13. Let r(c) = 2*c**2 + 7*c - 24. Let v(i) = k*n(i) + 3*r(i). Calculate v(6).
35
Let l(x) = -x**3 + 4*x**2 - 6*x + 3. Suppose 0 = 4*a - 3*t - 42, -5*t = 4*a - 0*a - 58. Suppose i + 3*g + 1 = -a, 0 = -5*g - 25. Calculate l(i).
-1
Suppose -6 = -77*d + 75*d. Let s(r) = -14*r**2 + 7*r**2 + 2*r**d - 12*r + 6 + 17*r - r**3. Determine s(6).
0
Let m(p) = -p**2 + 2*p. Let d(a) = -a**2 - 7*a - 117. Let c(g) = d(g) - 2*m(g). Let f(u) be the first derivative of c(u). What is f(10)?
9
Let m(w) = -w**3 - 8. Let n = 3852 - 3850. Suppose 0*c + 5*c = -2*q, c = 3*q + 17. Suppose b + n*k = -c*k + 12, -3 = -k. Give m(b).
-8
Suppose 3 = 25*q - 24*q. Let y be (0 - -3)/(q*2/100). Suppose 7*o - 13 = y. Let d(c) = -c**2 + 7*c + 12. Calculate d(o).
-6
Suppose f - 96 = 4*s, 4*s = 5*s + 5. Let x = f - 71. Let t(n) = n**3 - 7 - x*n**2 + 3*n - 3 + 4. Calculate t(4).
-10
Let u(f) = -f**3 - 8*f**2 + 13*f - 73. Let b be u(-10). Let o(c) = -24*c + 5. Give o(b).
77
Let b(w) = -w**3 + 9*w**2 - 7*w + 6. Suppose 10*p = 2*y + 7*p - 4, y - 16 = -2*p. Determine b(y).
14
Let p(j) = -5*j**2 - 20*j + 22. Let w(r) = -8*r**2 - 38*r + 46. Let m(f) = -5*p(f) + 3*w(f). Calculate m(8).
-20
Let d(s) be the third derivative of s**6/120 - s**5/30 + s**4/12 + 427*s**2 - 1. What is d(2)?
4
Let f(s) be the second derivative of s**5/60 - s**4/24 + 3*s**3/2 + 124*s**2 - 107*s. Let w(b) be the first derivative of f(b). What is w(0)?
9
Let j(a) = 93*a + 6. Suppose -80 - 60 = -57*t - 83. Calculate j(t).
99
Suppose -3*v - 4*d + 1325 = -257, 2*d + 1594 = 3*v. Let a(l) = -534*l - 2 + 1057*l - v*l. Give a(5).
-37
Let b(f) be the third derivative of f**6/120 + 7*f**5/30 + f**4/2 - 11*f**3/6 + 61*f**2 + 2*f - 23. Let h = 29 + -42. Give b(h).
2
Let d(p) be the first derivative of p**6/120 + p**5/60 + 2*p**3 - 19*p**2/2 - 37. Let z(f) be the second derivative of d(f). Calculate z(0).
12
Let n(h) be the third derivative of -h**4/12 + 19*h**3/3 - 12*h**2 + 4. Give n(23).
-8
Let z(u) = 101*u**2 - 3*u + 1. Let s be z(1). Suppose 0 = -b + 94 - s. Let x(k) = -k**2 - 4*k + 3. Give x(b).
-2
Let k(t) = -t**3 + 12*t**2 + 4*t - 43. Let z be (-3)/(-3)*7/(-35) - 671/(-55). Give k(z).
5
Let a(g) be the second derivative of g**3/3 - 47*g**2/2 + 204*g - 6. Determine a(27).
7
Let m(h) = -3707 + 1239 + 7*h + 1226 + 1217. Calculate m(6).
17
Let i(w) = -2*w**2 + 2. Suppose -5*f = 3*q - 463, -q + 95 = f + 2*q. Suppose -2*n - 48 = -f. Suppose -23*m - 2 = -n*m. Determine i(m).
-6
Suppose 3*t = 7 + 8. Suppose t*n + 17 = 57. Let c(i) be the seco